{"version":"1.0","provider_name":"Assomption","provider_url":"https:\/\/www.assomption.org\/en\/","author_name":"admin","author_url":"https:\/\/www.assomption.org\/en\/author\/admin\/","title":"Itin\u00e9raires Augustiniens n\u00b053 - Le Concile Vatican II - Assomption","type":"rich","width":600,"height":338,"html":"<blockquote class=\"wp-embedded-content\" data-secret=\"LU1JynoBDA\"><a href=\"https:\/\/www.assomption.org\/en\/revue_itineraires\/itineraires-augustiniens-n53-le-concile-vatican-ii\/\">Itin\u00e9raires Augustiniens n\u00b053 &#8211; Le Concile Vatican II<\/a><\/blockquote><iframe sandbox=\"allow-scripts\" security=\"restricted\" src=\"https:\/\/www.assomption.org\/en\/revue_itineraires\/itineraires-augustiniens-n53-le-concile-vatican-ii\/embed\/#?secret=LU1JynoBDA\" width=\"600\" height=\"338\" title=\"&#8220;Itin\u00e9raires Augustiniens n\u00b053 &#8211; Le Concile Vatican II&#8221; &#8212; Assomption\" data-secret=\"LU1JynoBDA\" frameborder=\"0\" marginwidth=\"0\" marginheight=\"0\" scrolling=\"no\" class=\"wp-embedded-content\"><\/iframe><script>\n\/*! This file is auto-generated *\/\n!function(d,l){\"use strict\";l.querySelector&&d.addEventListener&&\"undefined\"!=typeof URL&&(d.wp=d.wp||{},d.wp.receiveEmbedMessage||(d.wp.receiveEmbedMessage=function(e){var t=e.data;if((t||t.secret||t.message||t.value)&&!\/[^a-zA-Z0-9]\/.test(t.secret)){for(var s,r,n,a=l.querySelectorAll('iframe[data-secret=\"'+t.secret+'\"]'),o=l.querySelectorAll('blockquote[data-secret=\"'+t.secret+'\"]'),c=new RegExp(\"^https?:$\",\"i\"),i=0;i<o.length;i++)o[i].style.display=\"none\";for(i=0;i<a.length;i++)s=a[i],e.source===s.contentWindow&&(s.removeAttribute(\"style\"),\"height\"===t.message?(1e3<(r=parseInt(t.value,10))?r=1e3:~~r<200&&(r=200),s.height=r):\"link\"===t.message&&(r=new URL(s.getAttribute(\"src\")),n=new URL(t.value),c.test(n.protocol))&&n.host===r.host&&l.activeElement===s&&(d.top.location.href=t.value))}},d.addEventListener(\"message\",d.wp.receiveEmbedMessage,!1),l.addEventListener(\"DOMContentLoaded\",function(){for(var e,t,s=l.querySelectorAll(\"iframe.wp-embedded-content\"),r=0;r<s.length;r++)(t=(e=s[r]).getAttribute(\"data-secret\"))||(t=Math.random().toString(36).substring(2,12),e.src+=\"#?secret=\"+t,e.setAttribute(\"data-secret\",t)),e.contentWindow.postMessage({message:\"ready\",secret:t},\"*\")},!1)))}(window,document);\n\/\/# sourceURL=https:\/\/www.assomption.org\/wp-includes\/js\/wp-embed.min.js\n<\/script>\n","thumbnail_url":"https:\/\/www.assomption.org\/wp-content\/uploads\/2021\/02\/RIA-53.png","thumbnail_width":284,"thumbnail_height":400,"description":"Mettre en lien un P\u00e8re de l\u2019\u00c9glise et un concile qui a eu lieu 1500 ans plus tard peut para\u00eetre bien \u00e9trange\u2026 Pourtant, Augustin y a particip\u00e9 d\u2019une certaine mani\u00e8re. Les ann\u00e9es d\u2019avant-concile ont \u00e9t\u00e9 le lieu d\u2019une importante red\u00e9couverte des auteurs patristiques, Augustin y compris. Un jeune expert de l\u2019\u00e9poque, Joseph Ratzinger saura s\u2019en inspirer, tout comme plusieurs textes conciliaires. Ce num\u00e9ro de la revue est aussi l\u2019occasion d\u2019\u00e9tudier l\u2019organisation des \u00c9glises \u00e0 l\u2019\u00e9poque d\u2019Augustin et la mani\u00e8re dont cette organisation a jou\u00e9 dans la r\u00e9solution des grandes controverses de l\u2019\u00e9poque."}

Itinéraires Augustiniens n°53 - Le Concile Vatican II - Assomption

<blockquote class="wp-embedded-content" data-secret="LU1JynoBDA"><a href="https://www.assomption.org/en/revue_itineraires/itineraires-augustiniens-n53-le-concile-vatican-ii/">Itinéraires Augustiniens n°53 &#8211; Le Concile Vatican II</a></blockquote><iframe sandbox="allow-scripts" security="restricted" src="https://www.assomption.org/en/revue_itineraires/itineraires-augustiniens-n53-le-concile-vatican-ii/embed/#?secret=LU1JynoBDA" width="600" height="338" title="&#8220;Itinéraires Augustiniens n°53 &#8211; Le Concile Vatican II&#8221; &#8212; Assomption" data-secret="LU1JynoBDA" frameborder="0" marginwidth="0" marginheight="0" scrolling="no" class="wp-embedded-content"></iframe><script>
/*! This file is auto-generated */
!function(d,l){"use strict";l.querySelector&&d.addEventListener&&"undefined"!=typeof URL&&(d.wp=d.wp||{},d.wp.receiveEmbedMessage||(d.wp.receiveEmbedMessage=function(e){var t=e.data;if((t||t.secret||t.message||t.value)&&!/[^a-zA-Z0-9]/.test(t.secret)){for(var s,r,n,a=l.querySelectorAll('iframe[data-secret="'+t.secret+'"]'),o=l.querySelectorAll('blockquote[data-secret="'+t.secret+'"]'),c=new RegExp("^https?:$","i"),i=0;i<o.length;i++)o[i].style.display="none";for(i=0;i<a.length;i++)s=a[i],e.source===s.contentWindow&&(s.removeAttribute("style"),"height"===t.message?(1e3<(r=parseInt(t.value,10))?r=1e3:~~r<200&&(r=200),s.height=r):"link"===t.message&&(r=new URL(s.getAttribute("src")),n=new URL(t.value),c.test(n.protocol))&&n.host===r.host&&l.activeElement===s&&(d.top.location.href=t.value))}},d.addEventListener("message",d.wp.receiveEmbedMessage,!1),l.addEventListener("DOMContentLoaded",function(){for(var e,t,s=l.querySelectorAll("iframe.wp-embedded-content"),r=0;r<s.length;r++)(t=(e=s[r]).getAttribute("data-secret"))||(t=Math.random().toString(36).substring(2,12),e.src+="#?secret="+t,e.setAttribute("data-secret",t)),e.contentWindow.postMessage({message:"ready",secret:t},"*")},!1)))}(window,document);
//# sourceURL=https://www.assomption.org/wp-includes/js/wp-embed.min.js
</script>

Mettre en lien un Père de l’Église et un concile qui a eu lieu 1500 ans plus tard peut paraître bien étrange… Pourtant, Augustin y a participé d’une certaine manière. Les années d’avant-concile ont été le lieu d’une importante redécouverte des auteurs patristiques, Augustin y compris. Un jeune expert de l’époque, Joseph Ratzinger saura s’en inspirer, tout comme plusieurs textes conciliaires. Ce numéro de la revue est aussi l’occasion d’étudier l’organisation des Églises à l’époque d’Augustin et la manière dont cette organisation a joué dans la résolution des grandes controverses de l’époque.
