{"id":85314,"date":"2020-12-16T16:57:06","date_gmt":"2020-12-16T15:57:06","guid":{"rendered":"https:\/\/www.assomption.org\/ephemeride\/faate-de-joseph-ouvrier-faate-du-travail-le\/"},"modified":"2020-12-16T17:07:19","modified_gmt":"2020-12-16T16:07:19","slug":"faate-de-joseph-ouvrier-faate-du-travail-le","status":"publish","type":"ephemeride","link":"https:\/\/www.assomption.org\/en\/ephemeride\/faate-de-joseph-ouvrier-faate-du-travail-le\/","title":{"rendered":"F\u00eate de Joseph ouvrier (f\u00eate du travail). Le travail, pri\u00e8re des mains."},"content":{"rendered":"<p><span>Qu&#8217;ont fait pendant leur vie la Sainte Vierge et saint  Joseph? Qu&#8217;a fait Notre-Seigneur lui-m\u00eame pendant les premi\u00e8res ann\u00e9es de  sa vie? Saint Joseph travaillait pour gagner le pain de sa famille;  Marie pr\u00e9parait l&#8217;int\u00e9rieur de J\u00e9sus et de Joseph; J\u00e9sus lui-m\u00eame, d\u00e8s  l&#8217;\u00e2ge le plus tendre, aidait sa m\u00e8re et son p\u00e8re nourricier. Quels mod\u00e8les et  quelle compagnie si je travaille en union avec eux, et si je me nourris des  pens\u00e9es qui devaient les pr\u00e9occuper, si je cherche \u00e0 entrer dans toutes leurs  intentions, si j&#8217;imite leur recueillement et leur silence, si je travaille  comme ils travaillaient! Nul travail dont J\u00e9sus, Marie et Joseph ne me  fournissent l&#8217;exemple. Travail p\u00e9nible, travail obscur, travail peu appr\u00e9ci\u00e9  des hommes: J\u00e9sus, Marie et Joseph ont connu tout cela. Joseph a r\u00e9pandu  ses sueurs pour nourrir le Fils de Dieu comme je travaille pour nourrir les  serviteurs de J\u00e9sus-Christ. Marie est entr\u00e9e dans les plus humbles d\u00e9tails de  ce qui regarde le soin mat\u00e9riel, comme je dois y entrer en vue du bien que fait  la Congr\u00e9gation \u00e0 laquelle j&#8217;appartiens. J\u00e9sus lui-m\u00eame, en se livrant \u00e0 de  rudes labeurs, m&#8217;apprend que rien ne doit me sembler difficile si je veux lui  \u00eatre semblable. Quand je travaille des mains, ai-je l&#8217;habitude de me placer en  compagnie de la Sainte Famille?<\/span><\/p>\n<p><\/p>\n","protected":false},"excerpt":{"rendered":"","protected":false},"template":"","class_list":["post-85314","ephemeride","type-ephemeride","status-publish","hentry"],"acf":[],"yoast_head":"<!-- This site is optimized with the Yoast SEO plugin v27.5 - https:\/\/yoast.com\/product\/yoast-seo-wordpress\/ -->\n<title>F\u00eate de Joseph ouvrier (f\u00eate du travail). Le travail, pri\u00e8re des mains. - Assomption<\/title>\n<meta name=\"robots\" content=\"index, follow, max-snippet:-1, max-image-preview:large, max-video-preview:-1\" \/>\n<link rel=\"canonical\" href=\"https:\/\/www.assomption.org\/ephemeride\/faate-de-joseph-ouvrier-faate-du-travail-le\/\" \/>\n<meta property=\"og:locale\" content=\"en_US\" \/>\n<meta property=\"og:type\" content=\"article\" \/>\n<meta property=\"og:title\" content=\"F\u00eate de Joseph ouvrier (f\u00eate du travail). Le travail, pri\u00e8re des mains. - Assomption\" \/>\n<meta property=\"og:url\" content=\"https:\/\/www.assomption.org\/ephemeride\/faate-de-joseph-ouvrier-faate-du-travail-le\/\" \/>\n<meta property=\"og:site_name\" content=\"Assomption\" \/>\n<meta property=\"article:modified_time\" content=\"2020-12-16T16:07:19+00:00\" \/>\n<meta name=\"twitter:card\" content=\"summary_large_image\" \/>\n<meta name=\"twitter:label1\" content=\"Est. reading time\" \/>\n\t<meta name=\"twitter:data1\" content=\"1 minute\" \/>\n<script type=\"application\/ld+json\" class=\"yoast-schema-graph\">{\"@context\":\"https:\\\/\\\/schema.org\",\"@graph\":[{\"@type\":\"WebPage\",\"@id\":\"https:\\\/\\\/www.assomption.org\\\/ephemeride\\\/faate-de-joseph-ouvrier-faate-du-travail-le\\\/\",\"url\":\"https:\\\/\\\/www.assomption.org\\\/ephemeride\\\/faate-de-joseph-ouvrier-faate-du-travail-le\\\/\",\"name\":\"F\u00eate de Joseph ouvrier (f\u00eate du travail). Le travail, pri\u00e8re des mains. - Assomption\",\"isPartOf\":{\"@id\":\"https:\\\/\\\/www.assomption.org\\\/#website\"},\"datePublished\":\"2020-12-16T15:57:06+00:00\",\"dateModified\":\"2020-12-16T16:07:19+00:00\",\"breadcrumb\":{\"@id\":\"https:\\\/\\\/www.assomption.org\\\/ephemeride\\\/faate-de-joseph-ouvrier-faate-du-travail-le\\\/#breadcrumb\"},\"inLanguage\":\"en-US\",\"potentialAction\":[{\"@type\":\"ReadAction\",\"target\":[\"https:\\\/\\\/www.assomption.org\\\/ephemeride\\\/faate-de-joseph-ouvrier-faate-du-travail-le\\\/\"]}]},{\"@type\":\"BreadcrumbList\",\"@id\":\"https:\\\/\\\/www.assomption.org\\\/ephemeride\\\/faate-de-joseph-ouvrier-faate-du-travail-le\\\/#breadcrumb\",\"itemListElement\":[{\"@type\":\"ListItem\",\"position\":1,\"name\":\"Accueil\",\"item\":\"https:\\\/\\\/www.assomption.org\\\/en\\\/\"},{\"@type\":\"ListItem\",\"position\":2,\"name\":\"F\u00eate de Joseph ouvrier (f\u00eate du travail). Le travail, pri\u00e8re des mains.\"}]},{\"@type\":\"WebSite\",\"@id\":\"https:\\\/\\\/www.assomption.org\\\/#website\",\"url\":\"https:\\\/\\\/www.assomption.org\\\/\",\"name\":\"Assomption\",\"description\":\"\",\"publisher\":{\"@id\":\"https:\\\/\\\/www.assomption.org\\\/#organization\"},\"potentialAction\":[{\"@type\":\"SearchAction\",\"target\":{\"@type\":\"EntryPoint\",\"urlTemplate\":\"https:\\\/\\\/www.assomption.org\\\/?s={search_term_string}\"},\"query-input\":{\"@type\":\"PropertyValueSpecification\",\"valueRequired\":true,\"valueName\":\"search_term_string\"}}],\"inLanguage\":\"en-US\"},{\"@type\":\"Organization\",\"@id\":\"https:\\\/\\\/www.assomption.org\\\/#organization\",\"name\":\"Les Augustins de l'Assomption\",\"url\":\"https:\\\/\\\/www.assomption.org\\\/\",\"logo\":{\"@type\":\"ImageObject\",\"inLanguage\":\"en-US\",\"@id\":\"https:\\\/\\\/www.assomption.org\\\/#\\\/schema\\\/logo\\\/image\\\/\",\"url\":\"https:\\\/\\\/www.assomption.org\\\/wp-content\\\/uploads\\\/2020\\\/12\\\/logo.png\",\"contentUrl\":\"https:\\\/\\\/www.assomption.org\\\/wp-content\\\/uploads\\\/2020\\\/12\\\/logo.png\",\"width\":605,\"height\":121,\"caption\":\"Les Augustins de l'Assomption\"},\"image\":{\"@id\":\"https:\\\/\\\/www.assomption.org\\\/#\\\/schema\\\/logo\\\/image\\\/\"}}]}<\/script>\n<!-- \/ Yoast SEO plugin. -->","yoast_head_json":{"title":"F\u00eate de Joseph ouvrier (f\u00eate du travail). Le travail, pri\u00e8re des mains. - Assomption","robots":{"index":"index","follow":"follow","max-snippet":"max-snippet:-1","max-image-preview":"max-image-preview:large","max-video-preview":"max-video-preview:-1"},"canonical":"https:\/\/www.assomption.org\/ephemeride\/faate-de-joseph-ouvrier-faate-du-travail-le\/","og_locale":"en_US","og_type":"article","og_title":"F\u00eate de Joseph ouvrier (f\u00eate du travail). Le travail, pri\u00e8re des mains. - Assomption","og_url":"https:\/\/www.assomption.org\/ephemeride\/faate-de-joseph-ouvrier-faate-du-travail-le\/","og_site_name":"Assomption","article_modified_time":"2020-12-16T16:07:19+00:00","twitter_card":"summary_large_image","twitter_misc":{"Est. reading time":"1 minute"},"schema":{"@context":"https:\/\/schema.org","@graph":[{"@type":"WebPage","@id":"https:\/\/www.assomption.org\/ephemeride\/faate-de-joseph-ouvrier-faate-du-travail-le\/","url":"https:\/\/www.assomption.org\/ephemeride\/faate-de-joseph-ouvrier-faate-du-travail-le\/","name":"F\u00eate de Joseph ouvrier (f\u00eate du travail). Le travail, pri\u00e8re des mains. - Assomption","isPartOf":{"@id":"https:\/\/www.assomption.org\/#website"},"datePublished":"2020-12-16T15:57:06+00:00","dateModified":"2020-12-16T16:07:19+00:00","breadcrumb":{"@id":"https:\/\/www.assomption.org\/ephemeride\/faate-de-joseph-ouvrier-faate-du-travail-le\/#breadcrumb"},"inLanguage":"en-US","potentialAction":[{"@type":"ReadAction","target":["https:\/\/www.assomption.org\/ephemeride\/faate-de-joseph-ouvrier-faate-du-travail-le\/"]}]},{"@type":"BreadcrumbList","@id":"https:\/\/www.assomption.org\/ephemeride\/faate-de-joseph-ouvrier-faate-du-travail-le\/#breadcrumb","itemListElement":[{"@type":"ListItem","position":1,"name":"Accueil","item":"https:\/\/www.assomption.org\/en\/"},{"@type":"ListItem","position":2,"name":"F\u00eate de Joseph ouvrier (f\u00eate du travail). Le travail, pri\u00e8re des mains."}]},{"@type":"WebSite","@id":"https:\/\/www.assomption.org\/#website","url":"https:\/\/www.assomption.org\/","name":"Assomption","description":"","publisher":{"@id":"https:\/\/www.assomption.org\/#organization"},"potentialAction":[{"@type":"SearchAction","target":{"@type":"EntryPoint","urlTemplate":"https:\/\/www.assomption.org\/?s={search_term_string}"},"query-input":{"@type":"PropertyValueSpecification","valueRequired":true,"valueName":"search_term_string"}}],"inLanguage":"en-US"},{"@type":"Organization","@id":"https:\/\/www.assomption.org\/#organization","name":"Les Augustins de l'Assomption","url":"https:\/\/www.assomption.org\/","logo":{"@type":"ImageObject","inLanguage":"en-US","@id":"https:\/\/www.assomption.org\/#\/schema\/logo\/image\/","url":"https:\/\/www.assomption.org\/wp-content\/uploads\/2020\/12\/logo.png","contentUrl":"https:\/\/www.assomption.org\/wp-content\/uploads\/2020\/12\/logo.png","width":605,"height":121,"caption":"Les Augustins de l'Assomption"},"image":{"@id":"https:\/\/www.assomption.org\/#\/schema\/logo\/image\/"}}]}},"uagb_featured_image_src":[],"uagb_author_info":{"display_name":"admin","author_link":"https:\/\/www.assomption.org\/en\/author\/"},"uagb_comment_info":0,"uagb_excerpt":null,"_links":{"self":[{"href":"https:\/\/www.assomption.org\/en\/wp-json\/wp\/v2\/ephemeride\/85314","targetHints":{"allow":["GET"]}}],"collection":[{"href":"https:\/\/www.assomption.org\/en\/wp-json\/wp\/v2\/ephemeride"}],"about":[{"href":"https:\/\/www.assomption.org\/en\/wp-json\/wp\/v2\/types\/ephemeride"}],"wp:attachment":[{"href":"https:\/\/www.assomption.org\/en\/wp-json\/wp\/v2\/media?parent=85314"}],"curies":[{"name":"wp","href":"https:\/\/api.w.org\/{rel}","templated":true}]}}

Fête de Joseph ouvrier (fête du travail). Le travail, prière des mains.

<p><span>Qu&#8217;ont fait pendant leur vie la Sainte Vierge et saint  Joseph? Qu&#8217;a fait Notre-Seigneur lui-même pendant les premières années de  sa vie? Saint Joseph travaillait pour gagner le pain de sa famille;  Marie préparait l&#8217;intérieur de Jésus et de Joseph; Jésus lui-même, dès  l&#8217;âge le plus tendre, aidait sa mère et son père nourricier. Quels modèles et  quelle compagnie si je travaille en union avec eux, et si je me nourris des  pensées qui devaient les préoccuper, si je cherche à entrer dans toutes leurs  intentions, si j&#8217;imite leur recueillement et leur silence, si je travaille  comme ils travaillaient! Nul travail dont Jésus, Marie et Joseph ne me  fournissent l&#8217;exemple. Travail pénible, travail obscur, travail peu apprécié  des hommes: Jésus, Marie et Joseph ont connu tout cela. Joseph a répandu  ses sueurs pour nourrir le Fils de Dieu comme je travaille pour nourrir les  serviteurs de Jésus-Christ. Marie est entrée dans les plus humbles détails de  ce qui regarde le soin matériel, comme je dois y entrer en vue du bien que fait  la Congrégation à laquelle j&#8217;appartiens. Jésus lui-même, en se livrant à de  rudes labeurs, m&#8217;apprend que rien ne doit me sembler difficile si je veux lui  être semblable. Quand je travaille des mains, ai-je l&#8217;habitude de me placer en  compagnie de la Sainte Famille?</span></p>
<p></p>

<!-- This site is optimized with the Yoast SEO plugin v27.5 - https://yoast.com/product/yoast-seo-wordpress/ -->
<title>Fête de Joseph ouvrier (fête du travail). Le travail, prière des mains. - Assomption</title>
<meta name="robots" content="index, follow, max-snippet:-1, max-image-preview:large, max-video-preview:-1" />
<link rel="canonical" href="https://www.assomption.org/ephemeride/faate-de-joseph-ouvrier-faate-du-travail-le/" />
<meta property="og:locale" content="en_US" />
<meta property="og:type" content="article" />
<meta property="og:title" content="Fête de Joseph ouvrier (fête du travail). Le travail, prière des mains. - Assomption" />
<meta property="og:url" content="https://www.assomption.org/ephemeride/faate-de-joseph-ouvrier-faate-du-travail-le/" />
<meta property="og:site_name" content="Assomption" />
<meta property="article:modified_time" content="2020-12-16T16:07:19+00:00" />
<meta name="twitter:card" content="summary_large_image" />
<meta name="twitter:label1" content="Est. reading time" />
	<meta name="twitter:data1" content="1 minute" />
<script type="application/ld+json" class="yoast-schema-graph">{"@context":"https:\/\/schema.org","@graph":[{"@type":"WebPage","@id":"https:\/\/www.assomption.org\/ephemeride\/faate-de-joseph-ouvrier-faate-du-travail-le\/","url":"https:\/\/www.assomption.org\/ephemeride\/faate-de-joseph-ouvrier-faate-du-travail-le\/","name":"Fête de Joseph ouvrier (fête du travail). Le travail, prière des mains. - Assomption","isPartOf":{"@id":"https:\/\/www.assomption.org\/#website"},"datePublished":"2020-12-16T15:57:06+00:00","dateModified":"2020-12-16T16:07:19+00:00","breadcrumb":{"@id":"https:\/\/www.assomption.org\/ephemeride\/faate-de-joseph-ouvrier-faate-du-travail-le\/#breadcrumb"},"inLanguage":"en-US","potentialAction":[{"@type":"ReadAction","target":["https:\/\/www.assomption.org\/ephemeride\/faate-de-joseph-ouvrier-faate-du-travail-le\/"]}]},{"@type":"BreadcrumbList","@id":"https:\/\/www.assomption.org\/ephemeride\/faate-de-joseph-ouvrier-faate-du-travail-le\/#breadcrumb","itemListElement":[{"@type":"ListItem","position":1,"name":"Accueil","item":"https:\/\/www.assomption.org\/en\/"},{"@type":"ListItem","position":2,"name":"Fête de Joseph ouvrier (fête du travail). Le travail, prière des mains."}]},{"@type":"WebSite","@id":"https:\/\/www.assomption.org\/#website","url":"https:\/\/www.assomption.org\/","name":"Assomption","description":"","publisher":{"@id":"https:\/\/www.assomption.org\/#organization"},"potentialAction":[{"@type":"SearchAction","target":{"@type":"EntryPoint","urlTemplate":"https:\/\/www.assomption.org\/?s={search_term_string}"},"query-input":{"@type":"PropertyValueSpecification","valueRequired":true,"valueName":"search_term_string"}}],"inLanguage":"en-US"},{"@type":"Organization","@id":"https:\/\/www.assomption.org\/#organization","name":"Les Augustins de l'Assomption","url":"https:\/\/www.assomption.org\/","logo":{"@type":"ImageObject","inLanguage":"en-US","@id":"https:\/\/www.assomption.org\/#\/schema\/logo\/image\/","url":"https:\/\/www.assomption.org\/wp-content\/uploads\/2020\/12\/logo.png","contentUrl":"https:\/\/www.assomption.org\/wp-content\/uploads\/2020\/12\/logo.png","width":605,"height":121,"caption":"Les Augustins de l'Assomption"},"image":{"@id":"https:\/\/www.assomption.org\/#\/schema\/logo\/image\/"}}]}</script>
<!-- / Yoast SEO plugin. -->

Fête de Joseph ouvrier (fête du travail). Le travail, prière des mains. - Assomption
