{"id":85606,"date":"2020-12-16T16:57:17","date_gmt":"2020-12-16T15:57:17","guid":{"rendered":"https:\/\/www.assomption.org\/ephemeride\/la-c-ta-c-temps-de-vacances-de-repos-de-visites-et\/"},"modified":"2020-12-16T17:07:31","modified_gmt":"2020-12-16T16:07:31","slug":"la-c-ta-c-temps-de-vacances-de-repos-de-visites-et","status":"publish","type":"ephemeride","link":"https:\/\/www.assomption.org\/en\/ephemeride\/la-c-ta-c-temps-de-vacances-de-repos-de-visites-et\/","title":{"rendered":"L&#8217;\u00e9t\u00e9, temps de vacances, de repos, de visites et de changements."},"content":{"rendered":"<p><span>Je suis heureux de la joie que vous a caus\u00e9e l&#8217;arriv\u00e9e  du P. Vincent de Paul [Bailly], celle du P. Vincent [Chaine] m&#8217;a \u00e9t\u00e9 un grand  soulagement, et je le laisse \u00e0 N\u00eemes, parce que je puis ainsi prendre un peu de  repos au Vigan. Madame Varin m&#8217;a \u00e9crit qu&#8217;elle voudrait bien le P. Pernet pour  les vacances. Si Servas doit lui faire du bien, je l&#8217;y laisserai aller, ne  d\u00fbt-il pas juger plus convenable que l&#8217;an dernier de faire visite au Vigan.  Quant \u00e0 vous, nous vous attendons avec joie, quand vous viendrez. Le P. Laurent  pr\u00e9f\u00e8re Saint-Paul-Saint-Louis \u00e0 Sainte Perp\u00e9tue. Je trouve cela tout naturel.  Il pourra rester tout le car\u00eame, rue Fran\u00e7ois Ier. Si Mgr Manning nous d\u00e9sire,  je crois que pour commencer, nous pourrons lui donner le P. Rapha\u00ebl, qui s&#8217;est  tr\u00e8s consid\u00e9rablement modifi\u00e9 en bien, plus un Fr\u00e8re convers. Ce sera \u00e0 lui \u00e0  trouver des novices anglais, mais je n&#8217;ai pas le sou, et l&#8217;exp\u00e9rience me prouve  la sottise qu&#8217;il y a \u00e0 faire une \u0153uvre sans savoir o\u00f9 l&#8217;on aura des ressources.  Dites au P. Laurent qu&#8217;au premier jour je r\u00e9pondrai \u00e0 sa lettre.<\/span><\/p>\n<p><\/p>\n","protected":false},"excerpt":{"rendered":"","protected":false},"template":"","class_list":["post-85606","ephemeride","type-ephemeride","status-publish","hentry"],"acf":[],"yoast_head":"<!-- This site is optimized with the Yoast SEO plugin v27.5 - https:\/\/yoast.com\/product\/yoast-seo-wordpress\/ -->\n<title>L&#039;\u00e9t\u00e9, temps de vacances, de repos, de visites et de changements. - Assomption<\/title>\n<meta name=\"robots\" content=\"index, follow, max-snippet:-1, max-image-preview:large, max-video-preview:-1\" \/>\n<link rel=\"canonical\" href=\"https:\/\/www.assomption.org\/ephemeride\/la-c-ta-c-temps-de-vacances-de-repos-de-visites-et\/\" \/>\n<meta property=\"og:locale\" content=\"en_US\" \/>\n<meta property=\"og:type\" content=\"article\" \/>\n<meta property=\"og:title\" content=\"L&#039;\u00e9t\u00e9, temps de vacances, de repos, de visites et de changements. - Assomption\" \/>\n<meta property=\"og:url\" content=\"https:\/\/www.assomption.org\/ephemeride\/la-c-ta-c-temps-de-vacances-de-repos-de-visites-et\/\" \/>\n<meta property=\"og:site_name\" content=\"Assomption\" \/>\n<meta property=\"article:modified_time\" content=\"2020-12-16T16:07:31+00:00\" \/>\n<meta name=\"twitter:card\" content=\"summary_large_image\" \/>\n<meta name=\"twitter:label1\" content=\"Est. reading time\" \/>\n\t<meta name=\"twitter:data1\" content=\"1 minute\" \/>\n<script type=\"application\/ld+json\" class=\"yoast-schema-graph\">{\"@context\":\"https:\\\/\\\/schema.org\",\"@graph\":[{\"@type\":\"WebPage\",\"@id\":\"https:\\\/\\\/www.assomption.org\\\/ephemeride\\\/la-c-ta-c-temps-de-vacances-de-repos-de-visites-et\\\/\",\"url\":\"https:\\\/\\\/www.assomption.org\\\/ephemeride\\\/la-c-ta-c-temps-de-vacances-de-repos-de-visites-et\\\/\",\"name\":\"L'\u00e9t\u00e9, temps de vacances, de repos, de visites et de changements. - Assomption\",\"isPartOf\":{\"@id\":\"https:\\\/\\\/www.assomption.org\\\/#website\"},\"datePublished\":\"2020-12-16T15:57:17+00:00\",\"dateModified\":\"2020-12-16T16:07:31+00:00\",\"breadcrumb\":{\"@id\":\"https:\\\/\\\/www.assomption.org\\\/ephemeride\\\/la-c-ta-c-temps-de-vacances-de-repos-de-visites-et\\\/#breadcrumb\"},\"inLanguage\":\"en-US\",\"potentialAction\":[{\"@type\":\"ReadAction\",\"target\":[\"https:\\\/\\\/www.assomption.org\\\/ephemeride\\\/la-c-ta-c-temps-de-vacances-de-repos-de-visites-et\\\/\"]}]},{\"@type\":\"BreadcrumbList\",\"@id\":\"https:\\\/\\\/www.assomption.org\\\/ephemeride\\\/la-c-ta-c-temps-de-vacances-de-repos-de-visites-et\\\/#breadcrumb\",\"itemListElement\":[{\"@type\":\"ListItem\",\"position\":1,\"name\":\"Accueil\",\"item\":\"https:\\\/\\\/www.assomption.org\\\/en\\\/\"},{\"@type\":\"ListItem\",\"position\":2,\"name\":\"L&rsquo;\u00e9t\u00e9, temps de vacances, de repos, de visites et de changements.\"}]},{\"@type\":\"WebSite\",\"@id\":\"https:\\\/\\\/www.assomption.org\\\/#website\",\"url\":\"https:\\\/\\\/www.assomption.org\\\/\",\"name\":\"Assomption\",\"description\":\"\",\"publisher\":{\"@id\":\"https:\\\/\\\/www.assomption.org\\\/#organization\"},\"potentialAction\":[{\"@type\":\"SearchAction\",\"target\":{\"@type\":\"EntryPoint\",\"urlTemplate\":\"https:\\\/\\\/www.assomption.org\\\/?s={search_term_string}\"},\"query-input\":{\"@type\":\"PropertyValueSpecification\",\"valueRequired\":true,\"valueName\":\"search_term_string\"}}],\"inLanguage\":\"en-US\"},{\"@type\":\"Organization\",\"@id\":\"https:\\\/\\\/www.assomption.org\\\/#organization\",\"name\":\"Les Augustins de l'Assomption\",\"url\":\"https:\\\/\\\/www.assomption.org\\\/\",\"logo\":{\"@type\":\"ImageObject\",\"inLanguage\":\"en-US\",\"@id\":\"https:\\\/\\\/www.assomption.org\\\/#\\\/schema\\\/logo\\\/image\\\/\",\"url\":\"https:\\\/\\\/www.assomption.org\\\/wp-content\\\/uploads\\\/2020\\\/12\\\/logo.png\",\"contentUrl\":\"https:\\\/\\\/www.assomption.org\\\/wp-content\\\/uploads\\\/2020\\\/12\\\/logo.png\",\"width\":605,\"height\":121,\"caption\":\"Les Augustins de l'Assomption\"},\"image\":{\"@id\":\"https:\\\/\\\/www.assomption.org\\\/#\\\/schema\\\/logo\\\/image\\\/\"}}]}<\/script>\n<!-- \/ Yoast SEO plugin. -->","yoast_head_json":{"title":"L'\u00e9t\u00e9, temps de vacances, de repos, de visites et de changements. - Assomption","robots":{"index":"index","follow":"follow","max-snippet":"max-snippet:-1","max-image-preview":"max-image-preview:large","max-video-preview":"max-video-preview:-1"},"canonical":"https:\/\/www.assomption.org\/ephemeride\/la-c-ta-c-temps-de-vacances-de-repos-de-visites-et\/","og_locale":"en_US","og_type":"article","og_title":"L'\u00e9t\u00e9, temps de vacances, de repos, de visites et de changements. - Assomption","og_url":"https:\/\/www.assomption.org\/ephemeride\/la-c-ta-c-temps-de-vacances-de-repos-de-visites-et\/","og_site_name":"Assomption","article_modified_time":"2020-12-16T16:07:31+00:00","twitter_card":"summary_large_image","twitter_misc":{"Est. reading time":"1 minute"},"schema":{"@context":"https:\/\/schema.org","@graph":[{"@type":"WebPage","@id":"https:\/\/www.assomption.org\/ephemeride\/la-c-ta-c-temps-de-vacances-de-repos-de-visites-et\/","url":"https:\/\/www.assomption.org\/ephemeride\/la-c-ta-c-temps-de-vacances-de-repos-de-visites-et\/","name":"L'\u00e9t\u00e9, temps de vacances, de repos, de visites et de changements. - Assomption","isPartOf":{"@id":"https:\/\/www.assomption.org\/#website"},"datePublished":"2020-12-16T15:57:17+00:00","dateModified":"2020-12-16T16:07:31+00:00","breadcrumb":{"@id":"https:\/\/www.assomption.org\/ephemeride\/la-c-ta-c-temps-de-vacances-de-repos-de-visites-et\/#breadcrumb"},"inLanguage":"en-US","potentialAction":[{"@type":"ReadAction","target":["https:\/\/www.assomption.org\/ephemeride\/la-c-ta-c-temps-de-vacances-de-repos-de-visites-et\/"]}]},{"@type":"BreadcrumbList","@id":"https:\/\/www.assomption.org\/ephemeride\/la-c-ta-c-temps-de-vacances-de-repos-de-visites-et\/#breadcrumb","itemListElement":[{"@type":"ListItem","position":1,"name":"Accueil","item":"https:\/\/www.assomption.org\/en\/"},{"@type":"ListItem","position":2,"name":"L&rsquo;\u00e9t\u00e9, temps de vacances, de repos, de visites et de changements."}]},{"@type":"WebSite","@id":"https:\/\/www.assomption.org\/#website","url":"https:\/\/www.assomption.org\/","name":"Assomption","description":"","publisher":{"@id":"https:\/\/www.assomption.org\/#organization"},"potentialAction":[{"@type":"SearchAction","target":{"@type":"EntryPoint","urlTemplate":"https:\/\/www.assomption.org\/?s={search_term_string}"},"query-input":{"@type":"PropertyValueSpecification","valueRequired":true,"valueName":"search_term_string"}}],"inLanguage":"en-US"},{"@type":"Organization","@id":"https:\/\/www.assomption.org\/#organization","name":"Les Augustins de l'Assomption","url":"https:\/\/www.assomption.org\/","logo":{"@type":"ImageObject","inLanguage":"en-US","@id":"https:\/\/www.assomption.org\/#\/schema\/logo\/image\/","url":"https:\/\/www.assomption.org\/wp-content\/uploads\/2020\/12\/logo.png","contentUrl":"https:\/\/www.assomption.org\/wp-content\/uploads\/2020\/12\/logo.png","width":605,"height":121,"caption":"Les Augustins de l'Assomption"},"image":{"@id":"https:\/\/www.assomption.org\/#\/schema\/logo\/image\/"}}]}},"uagb_featured_image_src":[],"uagb_author_info":{"display_name":"admin","author_link":"https:\/\/www.assomption.org\/en\/author\/"},"uagb_comment_info":0,"uagb_excerpt":null,"_links":{"self":[{"href":"https:\/\/www.assomption.org\/en\/wp-json\/wp\/v2\/ephemeride\/85606","targetHints":{"allow":["GET"]}}],"collection":[{"href":"https:\/\/www.assomption.org\/en\/wp-json\/wp\/v2\/ephemeride"}],"about":[{"href":"https:\/\/www.assomption.org\/en\/wp-json\/wp\/v2\/types\/ephemeride"}],"wp:attachment":[{"href":"https:\/\/www.assomption.org\/en\/wp-json\/wp\/v2\/media?parent=85606"}],"curies":[{"name":"wp","href":"https:\/\/api.w.org\/{rel}","templated":true}]}}

L&#8217;été, temps de vacances, de repos, de visites et de changements.

<p><span>Je suis heureux de la joie que vous a causée l&#8217;arrivée  du P. Vincent de Paul [Bailly], celle du P. Vincent [Chaine] m&#8217;a été un grand  soulagement, et je le laisse à Nîmes, parce que je puis ainsi prendre un peu de  repos au Vigan. Madame Varin m&#8217;a écrit qu&#8217;elle voudrait bien le P. Pernet pour  les vacances. Si Servas doit lui faire du bien, je l&#8217;y laisserai aller, ne  dût-il pas juger plus convenable que l&#8217;an dernier de faire visite au Vigan.  Quant à vous, nous vous attendons avec joie, quand vous viendrez. Le P. Laurent  préfère Saint-Paul-Saint-Louis à Sainte Perpétue. Je trouve cela tout naturel.  Il pourra rester tout le carême, rue François Ier. Si Mgr Manning nous désire,  je crois que pour commencer, nous pourrons lui donner le P. Raphaël, qui s&#8217;est  très considérablement modifié en bien, plus un Frère convers. Ce sera à lui à  trouver des novices anglais, mais je n&#8217;ai pas le sou, et l&#8217;expérience me prouve  la sottise qu&#8217;il y a à faire une œuvre sans savoir où l&#8217;on aura des ressources.  Dites au P. Laurent qu&#8217;au premier jour je répondrai à sa lettre.</span></p>
<p></p>

<!-- This site is optimized with the Yoast SEO plugin v27.5 - https://yoast.com/product/yoast-seo-wordpress/ -->
<title>L&#039;été, temps de vacances, de repos, de visites et de changements. - Assomption</title>
<meta name="robots" content="index, follow, max-snippet:-1, max-image-preview:large, max-video-preview:-1" />
<link rel="canonical" href="https://www.assomption.org/ephemeride/la-c-ta-c-temps-de-vacances-de-repos-de-visites-et/" />
<meta property="og:locale" content="en_US" />
<meta property="og:type" content="article" />
<meta property="og:title" content="L&#039;été, temps de vacances, de repos, de visites et de changements. - Assomption" />
<meta property="og:url" content="https://www.assomption.org/ephemeride/la-c-ta-c-temps-de-vacances-de-repos-de-visites-et/" />
<meta property="og:site_name" content="Assomption" />
<meta property="article:modified_time" content="2020-12-16T16:07:31+00:00" />
<meta name="twitter:card" content="summary_large_image" />
<meta name="twitter:label1" content="Est. reading time" />
	<meta name="twitter:data1" content="1 minute" />
<script type="application/ld+json" class="yoast-schema-graph">{"@context":"https:\/\/schema.org","@graph":[{"@type":"WebPage","@id":"https:\/\/www.assomption.org\/ephemeride\/la-c-ta-c-temps-de-vacances-de-repos-de-visites-et\/","url":"https:\/\/www.assomption.org\/ephemeride\/la-c-ta-c-temps-de-vacances-de-repos-de-visites-et\/","name":"L'été, temps de vacances, de repos, de visites et de changements. - Assomption","isPartOf":{"@id":"https:\/\/www.assomption.org\/#website"},"datePublished":"2020-12-16T15:57:17+00:00","dateModified":"2020-12-16T16:07:31+00:00","breadcrumb":{"@id":"https:\/\/www.assomption.org\/ephemeride\/la-c-ta-c-temps-de-vacances-de-repos-de-visites-et\/#breadcrumb"},"inLanguage":"en-US","potentialAction":[{"@type":"ReadAction","target":["https:\/\/www.assomption.org\/ephemeride\/la-c-ta-c-temps-de-vacances-de-repos-de-visites-et\/"]}]},{"@type":"BreadcrumbList","@id":"https:\/\/www.assomption.org\/ephemeride\/la-c-ta-c-temps-de-vacances-de-repos-de-visites-et\/#breadcrumb","itemListElement":[{"@type":"ListItem","position":1,"name":"Accueil","item":"https:\/\/www.assomption.org\/en\/"},{"@type":"ListItem","position":2,"name":"L&rsquo;été, temps de vacances, de repos, de visites et de changements."}]},{"@type":"WebSite","@id":"https:\/\/www.assomption.org\/#website","url":"https:\/\/www.assomption.org\/","name":"Assomption","description":"","publisher":{"@id":"https:\/\/www.assomption.org\/#organization"},"potentialAction":[{"@type":"SearchAction","target":{"@type":"EntryPoint","urlTemplate":"https:\/\/www.assomption.org\/?s={search_term_string}"},"query-input":{"@type":"PropertyValueSpecification","valueRequired":true,"valueName":"search_term_string"}}],"inLanguage":"en-US"},{"@type":"Organization","@id":"https:\/\/www.assomption.org\/#organization","name":"Les Augustins de l'Assomption","url":"https:\/\/www.assomption.org\/","logo":{"@type":"ImageObject","inLanguage":"en-US","@id":"https:\/\/www.assomption.org\/#\/schema\/logo\/image\/","url":"https:\/\/www.assomption.org\/wp-content\/uploads\/2020\/12\/logo.png","contentUrl":"https:\/\/www.assomption.org\/wp-content\/uploads\/2020\/12\/logo.png","width":605,"height":121,"caption":"Les Augustins de l'Assomption"},"image":{"@id":"https:\/\/www.assomption.org\/#\/schema\/logo\/image\/"}}]}</script>
<!-- / Yoast SEO plugin. -->

L'été, temps de vacances, de repos, de visites et de changements. - Assomption

L&rsquo;été, temps de vacances, de repos, de visites et de changements.
