{"id":86004,"date":"2020-12-16T16:57:34","date_gmt":"2020-12-16T15:57:34","guid":{"rendered":"https:\/\/www.assomption.org\/ephemeride\/le-sens-de-la-croix-vendredi-saint-ja-c-sus-sur-la\/"},"modified":"2020-12-16T17:07:48","modified_gmt":"2020-12-16T16:07:48","slug":"le-sens-de-la-croix-vendredi-saint-ja-c-sus-sur-la","status":"publish","type":"ephemeride","link":"https:\/\/www.assomption.org\/en\/ephemeride\/le-sens-de-la-croix-vendredi-saint-ja-c-sus-sur-la\/","title":{"rendered":"Le sens de la Croix (Vendredi-Saint : J\u00e9sus sur la croix)."},"content":{"rendered":"<p><i><span>Judaei  signa petunt<\/span><\/i> (1). Deux arbres, l&#8217;arbre de la science au  paradis, l&#8217;arbre de vie dans la J\u00e9rusalem c\u00e9leste. Entre deux, l&#8217;arbre de la  croix. Je viens vous apprendre ce que par J\u00e9sus-Christ la croix est  devenue: par rapport \u00e0 son P\u00e8re, un autel; contre Satan, une arme  de triomphe; pour nous un gage de r\u00e9conciliation; pour le ciel, un  signe de paix.<\/p>\n<p><span>Pour Dieu, un autel. La  Justice est irrit\u00e9e, les sacrifices figuratifs. <i><span>Impossibile  est sanguine hircorum aut vitulorum auferri peccata <\/span><\/i>(2). Ce m\u00eame  J\u00e9sus qui est descendu en terre, se pr\u00e9sentera comme pontife et comme victime  en m\u00eame temps, et il s&#8217;\u00e9tendra sur l&#8217;arbre de la croix. L\u00e0 il expiera par la  douleur les p\u00e9ch\u00e9s des hommes, le P\u00e8re sera satisfait, la justice apais\u00e9e, la  mis\u00e9ricorde victorieuse.<\/span><\/p>\n<p><span>Satan est vaincu et son  empire qui s&#8217;\u00e9tend d&#8217;un bout du monde \u00e0 l&#8217;autre. J\u00e9sus vient lutter contre lui,  le terrasse et lui prend le sceptre. Le R\u00e8gne de J\u00e9sus sur le paganisme est  \u00e9tabli, d\u00e9truit l&#8217;empire des m\u00e9chants et l&#8217;empire dans les enfers. Pour les  hommes, la croix est un gage de paix, une alliance nouvelle. Le Christ r\u00e9pand  son sang, il est victime. Dieu fait une alliance [au contenu triple]: la  part du P\u00e8re, la part du Fils et celle des hommes.<\/span><\/p>\n<p><\/p>\n","protected":false},"excerpt":{"rendered":"","protected":false},"template":"","class_list":["post-86004","ephemeride","type-ephemeride","status-publish","hentry"],"acf":[],"yoast_head":"<!-- This site is optimized with the Yoast SEO plugin v27.5 - https:\/\/yoast.com\/product\/yoast-seo-wordpress\/ -->\n<title>Le sens de la Croix (Vendredi-Saint : J\u00e9sus sur la croix). - Assomption<\/title>\n<meta name=\"robots\" content=\"index, follow, max-snippet:-1, max-image-preview:large, max-video-preview:-1\" \/>\n<link rel=\"canonical\" href=\"https:\/\/www.assomption.org\/ephemeride\/le-sens-de-la-croix-vendredi-saint-ja-c-sus-sur-la\/\" \/>\n<meta property=\"og:locale\" content=\"en_US\" \/>\n<meta property=\"og:type\" content=\"article\" \/>\n<meta property=\"og:title\" content=\"Le sens de la Croix (Vendredi-Saint : J\u00e9sus sur la croix). - Assomption\" \/>\n<meta property=\"og:url\" content=\"https:\/\/www.assomption.org\/ephemeride\/le-sens-de-la-croix-vendredi-saint-ja-c-sus-sur-la\/\" \/>\n<meta property=\"og:site_name\" content=\"Assomption\" \/>\n<meta property=\"article:modified_time\" content=\"2020-12-16T16:07:48+00:00\" \/>\n<meta name=\"twitter:card\" content=\"summary_large_image\" \/>\n<meta name=\"twitter:label1\" content=\"Est. reading time\" \/>\n\t<meta name=\"twitter:data1\" content=\"1 minute\" \/>\n<script type=\"application\/ld+json\" class=\"yoast-schema-graph\">{\"@context\":\"https:\\\/\\\/schema.org\",\"@graph\":[{\"@type\":\"WebPage\",\"@id\":\"https:\\\/\\\/www.assomption.org\\\/ephemeride\\\/le-sens-de-la-croix-vendredi-saint-ja-c-sus-sur-la\\\/\",\"url\":\"https:\\\/\\\/www.assomption.org\\\/ephemeride\\\/le-sens-de-la-croix-vendredi-saint-ja-c-sus-sur-la\\\/\",\"name\":\"Le sens de la Croix (Vendredi-Saint : J\u00e9sus sur la croix). - Assomption\",\"isPartOf\":{\"@id\":\"https:\\\/\\\/www.assomption.org\\\/#website\"},\"datePublished\":\"2020-12-16T15:57:34+00:00\",\"dateModified\":\"2020-12-16T16:07:48+00:00\",\"breadcrumb\":{\"@id\":\"https:\\\/\\\/www.assomption.org\\\/ephemeride\\\/le-sens-de-la-croix-vendredi-saint-ja-c-sus-sur-la\\\/#breadcrumb\"},\"inLanguage\":\"en-US\",\"potentialAction\":[{\"@type\":\"ReadAction\",\"target\":[\"https:\\\/\\\/www.assomption.org\\\/ephemeride\\\/le-sens-de-la-croix-vendredi-saint-ja-c-sus-sur-la\\\/\"]}]},{\"@type\":\"BreadcrumbList\",\"@id\":\"https:\\\/\\\/www.assomption.org\\\/ephemeride\\\/le-sens-de-la-croix-vendredi-saint-ja-c-sus-sur-la\\\/#breadcrumb\",\"itemListElement\":[{\"@type\":\"ListItem\",\"position\":1,\"name\":\"Accueil\",\"item\":\"https:\\\/\\\/www.assomption.org\\\/en\\\/\"},{\"@type\":\"ListItem\",\"position\":2,\"name\":\"Le sens de la Croix (Vendredi-Saint : J\u00e9sus sur la croix).\"}]},{\"@type\":\"WebSite\",\"@id\":\"https:\\\/\\\/www.assomption.org\\\/#website\",\"url\":\"https:\\\/\\\/www.assomption.org\\\/\",\"name\":\"Assomption\",\"description\":\"\",\"publisher\":{\"@id\":\"https:\\\/\\\/www.assomption.org\\\/#organization\"},\"potentialAction\":[{\"@type\":\"SearchAction\",\"target\":{\"@type\":\"EntryPoint\",\"urlTemplate\":\"https:\\\/\\\/www.assomption.org\\\/?s={search_term_string}\"},\"query-input\":{\"@type\":\"PropertyValueSpecification\",\"valueRequired\":true,\"valueName\":\"search_term_string\"}}],\"inLanguage\":\"en-US\"},{\"@type\":\"Organization\",\"@id\":\"https:\\\/\\\/www.assomption.org\\\/#organization\",\"name\":\"Les Augustins de l'Assomption\",\"url\":\"https:\\\/\\\/www.assomption.org\\\/\",\"logo\":{\"@type\":\"ImageObject\",\"inLanguage\":\"en-US\",\"@id\":\"https:\\\/\\\/www.assomption.org\\\/#\\\/schema\\\/logo\\\/image\\\/\",\"url\":\"https:\\\/\\\/www.assomption.org\\\/wp-content\\\/uploads\\\/2020\\\/12\\\/logo.png\",\"contentUrl\":\"https:\\\/\\\/www.assomption.org\\\/wp-content\\\/uploads\\\/2020\\\/12\\\/logo.png\",\"width\":605,\"height\":121,\"caption\":\"Les Augustins de l'Assomption\"},\"image\":{\"@id\":\"https:\\\/\\\/www.assomption.org\\\/#\\\/schema\\\/logo\\\/image\\\/\"}}]}<\/script>\n<!-- \/ Yoast SEO plugin. -->","yoast_head_json":{"title":"Le sens de la Croix (Vendredi-Saint : J\u00e9sus sur la croix). - Assomption","robots":{"index":"index","follow":"follow","max-snippet":"max-snippet:-1","max-image-preview":"max-image-preview:large","max-video-preview":"max-video-preview:-1"},"canonical":"https:\/\/www.assomption.org\/ephemeride\/le-sens-de-la-croix-vendredi-saint-ja-c-sus-sur-la\/","og_locale":"en_US","og_type":"article","og_title":"Le sens de la Croix (Vendredi-Saint : J\u00e9sus sur la croix). - Assomption","og_url":"https:\/\/www.assomption.org\/ephemeride\/le-sens-de-la-croix-vendredi-saint-ja-c-sus-sur-la\/","og_site_name":"Assomption","article_modified_time":"2020-12-16T16:07:48+00:00","twitter_card":"summary_large_image","twitter_misc":{"Est. reading time":"1 minute"},"schema":{"@context":"https:\/\/schema.org","@graph":[{"@type":"WebPage","@id":"https:\/\/www.assomption.org\/ephemeride\/le-sens-de-la-croix-vendredi-saint-ja-c-sus-sur-la\/","url":"https:\/\/www.assomption.org\/ephemeride\/le-sens-de-la-croix-vendredi-saint-ja-c-sus-sur-la\/","name":"Le sens de la Croix (Vendredi-Saint : J\u00e9sus sur la croix). - Assomption","isPartOf":{"@id":"https:\/\/www.assomption.org\/#website"},"datePublished":"2020-12-16T15:57:34+00:00","dateModified":"2020-12-16T16:07:48+00:00","breadcrumb":{"@id":"https:\/\/www.assomption.org\/ephemeride\/le-sens-de-la-croix-vendredi-saint-ja-c-sus-sur-la\/#breadcrumb"},"inLanguage":"en-US","potentialAction":[{"@type":"ReadAction","target":["https:\/\/www.assomption.org\/ephemeride\/le-sens-de-la-croix-vendredi-saint-ja-c-sus-sur-la\/"]}]},{"@type":"BreadcrumbList","@id":"https:\/\/www.assomption.org\/ephemeride\/le-sens-de-la-croix-vendredi-saint-ja-c-sus-sur-la\/#breadcrumb","itemListElement":[{"@type":"ListItem","position":1,"name":"Accueil","item":"https:\/\/www.assomption.org\/en\/"},{"@type":"ListItem","position":2,"name":"Le sens de la Croix (Vendredi-Saint : J\u00e9sus sur la croix)."}]},{"@type":"WebSite","@id":"https:\/\/www.assomption.org\/#website","url":"https:\/\/www.assomption.org\/","name":"Assomption","description":"","publisher":{"@id":"https:\/\/www.assomption.org\/#organization"},"potentialAction":[{"@type":"SearchAction","target":{"@type":"EntryPoint","urlTemplate":"https:\/\/www.assomption.org\/?s={search_term_string}"},"query-input":{"@type":"PropertyValueSpecification","valueRequired":true,"valueName":"search_term_string"}}],"inLanguage":"en-US"},{"@type":"Organization","@id":"https:\/\/www.assomption.org\/#organization","name":"Les Augustins de l'Assomption","url":"https:\/\/www.assomption.org\/","logo":{"@type":"ImageObject","inLanguage":"en-US","@id":"https:\/\/www.assomption.org\/#\/schema\/logo\/image\/","url":"https:\/\/www.assomption.org\/wp-content\/uploads\/2020\/12\/logo.png","contentUrl":"https:\/\/www.assomption.org\/wp-content\/uploads\/2020\/12\/logo.png","width":605,"height":121,"caption":"Les Augustins de l'Assomption"},"image":{"@id":"https:\/\/www.assomption.org\/#\/schema\/logo\/image\/"}}]}},"uagb_featured_image_src":[],"uagb_author_info":{"display_name":"admin","author_link":"https:\/\/www.assomption.org\/en\/author\/"},"uagb_comment_info":0,"uagb_excerpt":null,"_links":{"self":[{"href":"https:\/\/www.assomption.org\/en\/wp-json\/wp\/v2\/ephemeride\/86004","targetHints":{"allow":["GET"]}}],"collection":[{"href":"https:\/\/www.assomption.org\/en\/wp-json\/wp\/v2\/ephemeride"}],"about":[{"href":"https:\/\/www.assomption.org\/en\/wp-json\/wp\/v2\/types\/ephemeride"}],"wp:attachment":[{"href":"https:\/\/www.assomption.org\/en\/wp-json\/wp\/v2\/media?parent=86004"}],"curies":[{"name":"wp","href":"https:\/\/api.w.org\/{rel}","templated":true}]}}

Le sens de la Croix (Vendredi-Saint : Jésus sur la croix).

<p><i><span>Judaei  signa petunt</span></i> (1). Deux arbres, l&#8217;arbre de la science au  paradis, l&#8217;arbre de vie dans la Jérusalem céleste. Entre deux, l&#8217;arbre de la  croix. Je viens vous apprendre ce que par Jésus-Christ la croix est  devenue: par rapport à son Père, un autel; contre Satan, une arme  de triomphe; pour nous un gage de réconciliation; pour le ciel, un  signe de paix.</p>
<p><span>Pour Dieu, un autel. La  Justice est irritée, les sacrifices figuratifs. <i><span>Impossibile  est sanguine hircorum aut vitulorum auferri peccata </span></i>(2). Ce même  Jésus qui est descendu en terre, se présentera comme pontife et comme victime  en même temps, et il s&#8217;étendra sur l&#8217;arbre de la croix. Là il expiera par la  douleur les péchés des hommes, le Père sera satisfait, la justice apaisée, la  miséricorde victorieuse.</span></p>
<p><span>Satan est vaincu et son  empire qui s&#8217;étend d&#8217;un bout du monde à l&#8217;autre. Jésus vient lutter contre lui,  le terrasse et lui prend le sceptre. Le Règne de Jésus sur le paganisme est  établi, détruit l&#8217;empire des méchants et l&#8217;empire dans les enfers. Pour les  hommes, la croix est un gage de paix, une alliance nouvelle. Le Christ répand  son sang, il est victime. Dieu fait une alliance [au contenu triple]: la  part du Père, la part du Fils et celle des hommes.</span></p>
<p></p>

<!-- This site is optimized with the Yoast SEO plugin v27.5 - https://yoast.com/product/yoast-seo-wordpress/ -->
<title>Le sens de la Croix (Vendredi-Saint : Jésus sur la croix). - Assomption</title>
<meta name="robots" content="index, follow, max-snippet:-1, max-image-preview:large, max-video-preview:-1" />
<link rel="canonical" href="https://www.assomption.org/ephemeride/le-sens-de-la-croix-vendredi-saint-ja-c-sus-sur-la/" />
<meta property="og:locale" content="en_US" />
<meta property="og:type" content="article" />
<meta property="og:title" content="Le sens de la Croix (Vendredi-Saint : Jésus sur la croix). - Assomption" />
<meta property="og:url" content="https://www.assomption.org/ephemeride/le-sens-de-la-croix-vendredi-saint-ja-c-sus-sur-la/" />
<meta property="og:site_name" content="Assomption" />
<meta property="article:modified_time" content="2020-12-16T16:07:48+00:00" />
<meta name="twitter:card" content="summary_large_image" />
<meta name="twitter:label1" content="Est. reading time" />
	<meta name="twitter:data1" content="1 minute" />
<script type="application/ld+json" class="yoast-schema-graph">{"@context":"https:\/\/schema.org","@graph":[{"@type":"WebPage","@id":"https:\/\/www.assomption.org\/ephemeride\/le-sens-de-la-croix-vendredi-saint-ja-c-sus-sur-la\/","url":"https:\/\/www.assomption.org\/ephemeride\/le-sens-de-la-croix-vendredi-saint-ja-c-sus-sur-la\/","name":"Le sens de la Croix (Vendredi-Saint : Jésus sur la croix). - Assomption","isPartOf":{"@id":"https:\/\/www.assomption.org\/#website"},"datePublished":"2020-12-16T15:57:34+00:00","dateModified":"2020-12-16T16:07:48+00:00","breadcrumb":{"@id":"https:\/\/www.assomption.org\/ephemeride\/le-sens-de-la-croix-vendredi-saint-ja-c-sus-sur-la\/#breadcrumb"},"inLanguage":"en-US","potentialAction":[{"@type":"ReadAction","target":["https:\/\/www.assomption.org\/ephemeride\/le-sens-de-la-croix-vendredi-saint-ja-c-sus-sur-la\/"]}]},{"@type":"BreadcrumbList","@id":"https:\/\/www.assomption.org\/ephemeride\/le-sens-de-la-croix-vendredi-saint-ja-c-sus-sur-la\/#breadcrumb","itemListElement":[{"@type":"ListItem","position":1,"name":"Accueil","item":"https:\/\/www.assomption.org\/en\/"},{"@type":"ListItem","position":2,"name":"Le sens de la Croix (Vendredi-Saint : Jésus sur la croix)."}]},{"@type":"WebSite","@id":"https:\/\/www.assomption.org\/#website","url":"https:\/\/www.assomption.org\/","name":"Assomption","description":"","publisher":{"@id":"https:\/\/www.assomption.org\/#organization"},"potentialAction":[{"@type":"SearchAction","target":{"@type":"EntryPoint","urlTemplate":"https:\/\/www.assomption.org\/?s={search_term_string}"},"query-input":{"@type":"PropertyValueSpecification","valueRequired":true,"valueName":"search_term_string"}}],"inLanguage":"en-US"},{"@type":"Organization","@id":"https:\/\/www.assomption.org\/#organization","name":"Les Augustins de l'Assomption","url":"https:\/\/www.assomption.org\/","logo":{"@type":"ImageObject","inLanguage":"en-US","@id":"https:\/\/www.assomption.org\/#\/schema\/logo\/image\/","url":"https:\/\/www.assomption.org\/wp-content\/uploads\/2020\/12\/logo.png","contentUrl":"https:\/\/www.assomption.org\/wp-content\/uploads\/2020\/12\/logo.png","width":605,"height":121,"caption":"Les Augustins de l'Assomption"},"image":{"@id":"https:\/\/www.assomption.org\/#\/schema\/logo\/image\/"}}]}</script>
<!-- / Yoast SEO plugin. -->

Le sens de la Croix (Vendredi-Saint : Jésus sur la croix). - Assomption
