{"id":86008,"date":"2020-12-16T16:57:34","date_gmt":"2020-12-16T15:57:34","guid":{"rendered":"https:\/\/www.assomption.org\/ephemeride\/sainte-jeanne-darc-patronage-dune-ha-c-roa-ne\/"},"modified":"2020-12-16T17:07:49","modified_gmt":"2020-12-16T16:07:49","slug":"sainte-jeanne-darc-patronage-dune-ha-c-roa-ne","status":"publish","type":"ephemeride","link":"https:\/\/www.assomption.org\/en\/ephemeride\/sainte-jeanne-darc-patronage-dune-ha-c-roa-ne\/","title":{"rendered":"Sainte Jeanne d&#8217;Arc (patronage d&#8217;une h\u00e9ro\u00efne)."},"content":{"rendered":"<p><span>Une couronne a \u00e9t\u00e9 offerte par l&#8217;Assomption, le 30  mai, \u00e0 la Vierge h\u00e9ro\u00efque dont les vertus et la vaillance sauv\u00e8rent la France.  C&#8217;est le 30 mai que les h\u00e9r\u00e9tiques la br\u00fbl\u00e8rent, il y a quatre si\u00e8cles et demi.  Sur la couronne on lit simplement: <i><span>La  Maison de l&#8217;Assomption \u00e0 Jeanne d&#8217;Arc.<\/span><\/i><\/span><\/p>\n<p><span>On cherchait, depuis longtemps, dans l&#8217;un des dioc\u00e8ses  les plus proches de Paris, une propri\u00e9t\u00e9 qui offrit les conditions les plus  favorables pour l&#8217;installation du noviciat. Il \u00e9tait \u00e0 l&#8217;\u00e9troit dans le local  qu&#8217;on lui avait r\u00e9serv\u00e9 \u00e0 la maison de r\u00e9sidence des P\u00e8res de l&#8217;Assomption, \u00e0  Paris. De nombreuses et ferventes pri\u00e8res avaient \u00e9t\u00e9 faites \u00e0 cette intention.  Elles sont exauc\u00e9es. C&#8217;est \u00e0 S\u00e8vres, dans le dioc\u00e8se de Versailles, dont l&#8217;Ev\u00eaque  avait manifest\u00e9 le d\u00e9sir de poss\u00e9der une maison de Religieux de l&#8217;Assomption,  que le terrain et la maison se sont trouv\u00e9s. Cette maison, qui offre plusieurs  moyens de communication rapides et faciles avec Paris, a toute une histoire.  C&#8217;est l\u00e0 que se trouvait le fort ou le bastion dans lequel Jeanne d&#8217;Arc est  entr\u00e9e quand elle est venue pour d\u00e9livrer Paris des Anglais. C&#8217;est pourquoi on  a d\u00e9cid\u00e9 qu&#8217;on inaugurerait cette nouvelle maison le jour du centenaire de  Voltaire, qui est l&#8217;anniversaire de la mort de Jeanne d&#8217;Arc.<\/span><\/p>\n<p><\/p>\n","protected":false},"excerpt":{"rendered":"","protected":false},"template":"","class_list":["post-86008","ephemeride","type-ephemeride","status-publish","hentry"],"acf":[],"yoast_head":"<!-- This site is optimized with the Yoast SEO plugin v27.5 - https:\/\/yoast.com\/product\/yoast-seo-wordpress\/ -->\n<title>Sainte Jeanne d&#039;Arc (patronage d&#039;une h\u00e9ro\u00efne). - Assomption<\/title>\n<meta name=\"robots\" content=\"index, follow, max-snippet:-1, max-image-preview:large, max-video-preview:-1\" \/>\n<link rel=\"canonical\" href=\"https:\/\/www.assomption.org\/ephemeride\/sainte-jeanne-darc-patronage-dune-ha-c-roa-ne\/\" \/>\n<meta property=\"og:locale\" content=\"en_US\" \/>\n<meta property=\"og:type\" content=\"article\" \/>\n<meta property=\"og:title\" content=\"Sainte Jeanne d&#039;Arc (patronage d&#039;une h\u00e9ro\u00efne). - Assomption\" \/>\n<meta property=\"og:url\" content=\"https:\/\/www.assomption.org\/ephemeride\/sainte-jeanne-darc-patronage-dune-ha-c-roa-ne\/\" \/>\n<meta property=\"og:site_name\" content=\"Assomption\" \/>\n<meta property=\"article:modified_time\" content=\"2020-12-16T16:07:49+00:00\" \/>\n<meta name=\"twitter:card\" content=\"summary_large_image\" \/>\n<meta name=\"twitter:label1\" content=\"Est. reading time\" \/>\n\t<meta name=\"twitter:data1\" content=\"1 minute\" \/>\n<script type=\"application\/ld+json\" class=\"yoast-schema-graph\">{\"@context\":\"https:\\\/\\\/schema.org\",\"@graph\":[{\"@type\":\"WebPage\",\"@id\":\"https:\\\/\\\/www.assomption.org\\\/ephemeride\\\/sainte-jeanne-darc-patronage-dune-ha-c-roa-ne\\\/\",\"url\":\"https:\\\/\\\/www.assomption.org\\\/ephemeride\\\/sainte-jeanne-darc-patronage-dune-ha-c-roa-ne\\\/\",\"name\":\"Sainte Jeanne d'Arc (patronage d'une h\u00e9ro\u00efne). - Assomption\",\"isPartOf\":{\"@id\":\"https:\\\/\\\/www.assomption.org\\\/#website\"},\"datePublished\":\"2020-12-16T15:57:34+00:00\",\"dateModified\":\"2020-12-16T16:07:49+00:00\",\"breadcrumb\":{\"@id\":\"https:\\\/\\\/www.assomption.org\\\/ephemeride\\\/sainte-jeanne-darc-patronage-dune-ha-c-roa-ne\\\/#breadcrumb\"},\"inLanguage\":\"en-US\",\"potentialAction\":[{\"@type\":\"ReadAction\",\"target\":[\"https:\\\/\\\/www.assomption.org\\\/ephemeride\\\/sainte-jeanne-darc-patronage-dune-ha-c-roa-ne\\\/\"]}]},{\"@type\":\"BreadcrumbList\",\"@id\":\"https:\\\/\\\/www.assomption.org\\\/ephemeride\\\/sainte-jeanne-darc-patronage-dune-ha-c-roa-ne\\\/#breadcrumb\",\"itemListElement\":[{\"@type\":\"ListItem\",\"position\":1,\"name\":\"Accueil\",\"item\":\"https:\\\/\\\/www.assomption.org\\\/en\\\/\"},{\"@type\":\"ListItem\",\"position\":2,\"name\":\"Sainte Jeanne d&rsquo;Arc (patronage d&rsquo;une h\u00e9ro\u00efne).\"}]},{\"@type\":\"WebSite\",\"@id\":\"https:\\\/\\\/www.assomption.org\\\/#website\",\"url\":\"https:\\\/\\\/www.assomption.org\\\/\",\"name\":\"Assomption\",\"description\":\"\",\"publisher\":{\"@id\":\"https:\\\/\\\/www.assomption.org\\\/#organization\"},\"potentialAction\":[{\"@type\":\"SearchAction\",\"target\":{\"@type\":\"EntryPoint\",\"urlTemplate\":\"https:\\\/\\\/www.assomption.org\\\/?s={search_term_string}\"},\"query-input\":{\"@type\":\"PropertyValueSpecification\",\"valueRequired\":true,\"valueName\":\"search_term_string\"}}],\"inLanguage\":\"en-US\"},{\"@type\":\"Organization\",\"@id\":\"https:\\\/\\\/www.assomption.org\\\/#organization\",\"name\":\"Les Augustins de l'Assomption\",\"url\":\"https:\\\/\\\/www.assomption.org\\\/\",\"logo\":{\"@type\":\"ImageObject\",\"inLanguage\":\"en-US\",\"@id\":\"https:\\\/\\\/www.assomption.org\\\/#\\\/schema\\\/logo\\\/image\\\/\",\"url\":\"https:\\\/\\\/www.assomption.org\\\/wp-content\\\/uploads\\\/2020\\\/12\\\/logo.png\",\"contentUrl\":\"https:\\\/\\\/www.assomption.org\\\/wp-content\\\/uploads\\\/2020\\\/12\\\/logo.png\",\"width\":605,\"height\":121,\"caption\":\"Les Augustins de l'Assomption\"},\"image\":{\"@id\":\"https:\\\/\\\/www.assomption.org\\\/#\\\/schema\\\/logo\\\/image\\\/\"}}]}<\/script>\n<!-- \/ Yoast SEO plugin. -->","yoast_head_json":{"title":"Sainte Jeanne d'Arc (patronage d'une h\u00e9ro\u00efne). - Assomption","robots":{"index":"index","follow":"follow","max-snippet":"max-snippet:-1","max-image-preview":"max-image-preview:large","max-video-preview":"max-video-preview:-1"},"canonical":"https:\/\/www.assomption.org\/ephemeride\/sainte-jeanne-darc-patronage-dune-ha-c-roa-ne\/","og_locale":"en_US","og_type":"article","og_title":"Sainte Jeanne d'Arc (patronage d'une h\u00e9ro\u00efne). - Assomption","og_url":"https:\/\/www.assomption.org\/ephemeride\/sainte-jeanne-darc-patronage-dune-ha-c-roa-ne\/","og_site_name":"Assomption","article_modified_time":"2020-12-16T16:07:49+00:00","twitter_card":"summary_large_image","twitter_misc":{"Est. reading time":"1 minute"},"schema":{"@context":"https:\/\/schema.org","@graph":[{"@type":"WebPage","@id":"https:\/\/www.assomption.org\/ephemeride\/sainte-jeanne-darc-patronage-dune-ha-c-roa-ne\/","url":"https:\/\/www.assomption.org\/ephemeride\/sainte-jeanne-darc-patronage-dune-ha-c-roa-ne\/","name":"Sainte Jeanne d'Arc (patronage d'une h\u00e9ro\u00efne). - Assomption","isPartOf":{"@id":"https:\/\/www.assomption.org\/#website"},"datePublished":"2020-12-16T15:57:34+00:00","dateModified":"2020-12-16T16:07:49+00:00","breadcrumb":{"@id":"https:\/\/www.assomption.org\/ephemeride\/sainte-jeanne-darc-patronage-dune-ha-c-roa-ne\/#breadcrumb"},"inLanguage":"en-US","potentialAction":[{"@type":"ReadAction","target":["https:\/\/www.assomption.org\/ephemeride\/sainte-jeanne-darc-patronage-dune-ha-c-roa-ne\/"]}]},{"@type":"BreadcrumbList","@id":"https:\/\/www.assomption.org\/ephemeride\/sainte-jeanne-darc-patronage-dune-ha-c-roa-ne\/#breadcrumb","itemListElement":[{"@type":"ListItem","position":1,"name":"Accueil","item":"https:\/\/www.assomption.org\/en\/"},{"@type":"ListItem","position":2,"name":"Sainte Jeanne d&rsquo;Arc (patronage d&rsquo;une h\u00e9ro\u00efne)."}]},{"@type":"WebSite","@id":"https:\/\/www.assomption.org\/#website","url":"https:\/\/www.assomption.org\/","name":"Assomption","description":"","publisher":{"@id":"https:\/\/www.assomption.org\/#organization"},"potentialAction":[{"@type":"SearchAction","target":{"@type":"EntryPoint","urlTemplate":"https:\/\/www.assomption.org\/?s={search_term_string}"},"query-input":{"@type":"PropertyValueSpecification","valueRequired":true,"valueName":"search_term_string"}}],"inLanguage":"en-US"},{"@type":"Organization","@id":"https:\/\/www.assomption.org\/#organization","name":"Les Augustins de l'Assomption","url":"https:\/\/www.assomption.org\/","logo":{"@type":"ImageObject","inLanguage":"en-US","@id":"https:\/\/www.assomption.org\/#\/schema\/logo\/image\/","url":"https:\/\/www.assomption.org\/wp-content\/uploads\/2020\/12\/logo.png","contentUrl":"https:\/\/www.assomption.org\/wp-content\/uploads\/2020\/12\/logo.png","width":605,"height":121,"caption":"Les Augustins de l'Assomption"},"image":{"@id":"https:\/\/www.assomption.org\/#\/schema\/logo\/image\/"}}]}},"uagb_featured_image_src":[],"uagb_author_info":{"display_name":"admin","author_link":"https:\/\/www.assomption.org\/en\/author\/"},"uagb_comment_info":0,"uagb_excerpt":null,"_links":{"self":[{"href":"https:\/\/www.assomption.org\/en\/wp-json\/wp\/v2\/ephemeride\/86008","targetHints":{"allow":["GET"]}}],"collection":[{"href":"https:\/\/www.assomption.org\/en\/wp-json\/wp\/v2\/ephemeride"}],"about":[{"href":"https:\/\/www.assomption.org\/en\/wp-json\/wp\/v2\/types\/ephemeride"}],"wp:attachment":[{"href":"https:\/\/www.assomption.org\/en\/wp-json\/wp\/v2\/media?parent=86008"}],"curies":[{"name":"wp","href":"https:\/\/api.w.org\/{rel}","templated":true}]}}

Sainte Jeanne d&#8217;Arc (patronage d&#8217;une héroïne).

<p><span>Une couronne a été offerte par l&#8217;Assomption, le 30  mai, à la Vierge héroïque dont les vertus et la vaillance sauvèrent la France.  C&#8217;est le 30 mai que les hérétiques la brûlèrent, il y a quatre siècles et demi.  Sur la couronne on lit simplement: <i><span>La  Maison de l&#8217;Assomption à Jeanne d&#8217;Arc.</span></i></span></p>
<p><span>On cherchait, depuis longtemps, dans l&#8217;un des diocèses  les plus proches de Paris, une propriété qui offrit les conditions les plus  favorables pour l&#8217;installation du noviciat. Il était à l&#8217;étroit dans le local  qu&#8217;on lui avait réservé à la maison de résidence des Pères de l&#8217;Assomption, à  Paris. De nombreuses et ferventes prières avaient été faites à cette intention.  Elles sont exaucées. C&#8217;est à Sèvres, dans le diocèse de Versailles, dont l&#8217;Evêque  avait manifesté le désir de posséder une maison de Religieux de l&#8217;Assomption,  que le terrain et la maison se sont trouvés. Cette maison, qui offre plusieurs  moyens de communication rapides et faciles avec Paris, a toute une histoire.  C&#8217;est là que se trouvait le fort ou le bastion dans lequel Jeanne d&#8217;Arc est  entrée quand elle est venue pour délivrer Paris des Anglais. C&#8217;est pourquoi on  a décidé qu&#8217;on inaugurerait cette nouvelle maison le jour du centenaire de  Voltaire, qui est l&#8217;anniversaire de la mort de Jeanne d&#8217;Arc.</span></p>
<p></p>

<!-- This site is optimized with the Yoast SEO plugin v27.5 - https://yoast.com/product/yoast-seo-wordpress/ -->
<title>Sainte Jeanne d&#039;Arc (patronage d&#039;une héroïne). - Assomption</title>
<meta name="robots" content="index, follow, max-snippet:-1, max-image-preview:large, max-video-preview:-1" />
<link rel="canonical" href="https://www.assomption.org/ephemeride/sainte-jeanne-darc-patronage-dune-ha-c-roa-ne/" />
<meta property="og:locale" content="en_US" />
<meta property="og:type" content="article" />
<meta property="og:title" content="Sainte Jeanne d&#039;Arc (patronage d&#039;une héroïne). - Assomption" />
<meta property="og:url" content="https://www.assomption.org/ephemeride/sainte-jeanne-darc-patronage-dune-ha-c-roa-ne/" />
<meta property="og:site_name" content="Assomption" />
<meta property="article:modified_time" content="2020-12-16T16:07:49+00:00" />
<meta name="twitter:card" content="summary_large_image" />
<meta name="twitter:label1" content="Est. reading time" />
	<meta name="twitter:data1" content="1 minute" />
<script type="application/ld+json" class="yoast-schema-graph">{"@context":"https:\/\/schema.org","@graph":[{"@type":"WebPage","@id":"https:\/\/www.assomption.org\/ephemeride\/sainte-jeanne-darc-patronage-dune-ha-c-roa-ne\/","url":"https:\/\/www.assomption.org\/ephemeride\/sainte-jeanne-darc-patronage-dune-ha-c-roa-ne\/","name":"Sainte Jeanne d'Arc (patronage d'une héroïne). - Assomption","isPartOf":{"@id":"https:\/\/www.assomption.org\/#website"},"datePublished":"2020-12-16T15:57:34+00:00","dateModified":"2020-12-16T16:07:49+00:00","breadcrumb":{"@id":"https:\/\/www.assomption.org\/ephemeride\/sainte-jeanne-darc-patronage-dune-ha-c-roa-ne\/#breadcrumb"},"inLanguage":"en-US","potentialAction":[{"@type":"ReadAction","target":["https:\/\/www.assomption.org\/ephemeride\/sainte-jeanne-darc-patronage-dune-ha-c-roa-ne\/"]}]},{"@type":"BreadcrumbList","@id":"https:\/\/www.assomption.org\/ephemeride\/sainte-jeanne-darc-patronage-dune-ha-c-roa-ne\/#breadcrumb","itemListElement":[{"@type":"ListItem","position":1,"name":"Accueil","item":"https:\/\/www.assomption.org\/en\/"},{"@type":"ListItem","position":2,"name":"Sainte Jeanne d&rsquo;Arc (patronage d&rsquo;une héroïne)."}]},{"@type":"WebSite","@id":"https:\/\/www.assomption.org\/#website","url":"https:\/\/www.assomption.org\/","name":"Assomption","description":"","publisher":{"@id":"https:\/\/www.assomption.org\/#organization"},"potentialAction":[{"@type":"SearchAction","target":{"@type":"EntryPoint","urlTemplate":"https:\/\/www.assomption.org\/?s={search_term_string}"},"query-input":{"@type":"PropertyValueSpecification","valueRequired":true,"valueName":"search_term_string"}}],"inLanguage":"en-US"},{"@type":"Organization","@id":"https:\/\/www.assomption.org\/#organization","name":"Les Augustins de l'Assomption","url":"https:\/\/www.assomption.org\/","logo":{"@type":"ImageObject","inLanguage":"en-US","@id":"https:\/\/www.assomption.org\/#\/schema\/logo\/image\/","url":"https:\/\/www.assomption.org\/wp-content\/uploads\/2020\/12\/logo.png","contentUrl":"https:\/\/www.assomption.org\/wp-content\/uploads\/2020\/12\/logo.png","width":605,"height":121,"caption":"Les Augustins de l'Assomption"},"image":{"@id":"https:\/\/www.assomption.org\/#\/schema\/logo\/image\/"}}]}</script>
<!-- / Yoast SEO plugin. -->

Sainte Jeanne d'Arc (patronage d'une héroïne). - Assomption

Sainte Jeanne d&rsquo;Arc (patronage d&rsquo;une héroïne).
